 of 1129.
1129
What are the prime factors of 867?
3, 17
What are the prime factors of 271?
271
List the prime factors of 4598.
2, 11, 19
What are the prime factors of 67610?
2, 5, 6761
What are the prime factors of 508?
2, 127
List the prime factors of 231.
3, 7, 11
What are the prime factors of 92?
2, 23
What are the prime factors of 1762?
2, 881
List the prime factors of 1048.
2, 131
List the prime factors of 203.
7, 29
List the prime factors of 66.
2, 3, 11
What are the prime factors of 10265?
5, 2053
What are the prime factors of 1140?
2, 3, 5, 19
What are the prime factors of 25776?
2, 3, 179
List the prime factors of 17195.
5, 19, 181
List the prime factors of 61377.
3, 41, 499
List the prime factors of 1405.
5, 281
What are the prime factors of 1550?
2, 5, 31
What are the prime factors of 92257?
11, 8387
What are the prime factors of 824?
2, 103
What are the prime factors of 3084?
2, 3, 257
What are the prime factors of 14428?
2, 3607
What are the prime factors of 5715?
3, 5, 127
What are the prime factors of 16419?
3, 13, 421
What are the prime factors of 52281?
3, 37, 157
What are the prime factors of 14260?
2, 5, 23, 31
What are the prime factors of 1257?
3, 419
List the prime factors of 4891.
67, 73
What are the prime factors of 14500?
2, 5, 29
List the prime factors of 2211.
3, 11, 67
What are the prime factors of 16093?
7, 11, 19
List the prime factors of 681.
3, 227
What are the prime factors of 2624?
2, 41
What are the prime factors of 46637?
149, 313
What are the prime factors of 14?
2, 7
What are the prime factors of 29690?
2, 5, 2969
What are the prime factors of 22612?
2, 5653
List the prime factors of 1280.
2, 5
List the prime factors of 606.
2, 3, 101
List the prime factors of 3652.
2, 11, 83
List the prime factors of 112472.
2, 17, 827
List the prime factors of 43991.
43991
List the prime factors of 256.
2
List the prime factors of 461.
461
What are the prime factors of 13417?
13417
List the prime factors of 60367.
17, 53, 67
What are the prime factors of 48312?
2, 3, 11, 61
List the prime factors of 25820.
2, 5, 1291
What are the prime factors of 117183?
3, 11, 53, 67
What are the prime factors of 3156?
2, 3, 263
What are the prime factors of 2826?
2, 3, 157
List the prime factors of 78563.
251, 313
What are the prime factors of 61134?
2, 3, 23, 443
List the prime factors of 7873.
7873
List the prime factors of 1257.
3, 419
List the prime factors of 733.
733
List the prime factors of 49865.
5, 9973
List the prime factors of 20098.
2, 13, 773
List the prime factors of 17185.
5, 7, 491
List the prime factors of 17856.
2, 3, 31
What are the prime factors of 102952?
2, 17, 757
What are the prime factors of 13060?
2, 5, 653
List the prime factors of 3935.
5, 787
What are the prime factors of 80821?
13, 6217
What are the prime factors of 22331?
137, 163
What are the prime factors of 11830?
2, 5, 7, 13
List the prime factors of 763.
7, 109
List the prime factors of 31225.
5, 1249
What are the prime factors of 5079?
3, 1693
List the prime factors of 3232.
2, 101
List the prime factors of 16390.
2, 5, 11, 149
What are the prime factors of 425?
5, 17
List the prime factors of 7413.
3, 7, 353
What are the prime factors of 7757?
7757
What are the prime factors of 2154?
2, 3, 359
What are the prime factors of 5086?
2, 2543
What are the prime factors of 702?
2, 3, 13
List the prime factors of 26509.
7, 541
What are the prime factors of 612?
2, 3, 17
What are the prime factors of 4631?
11, 421
List the prime factors of 49553.
7, 7079
What are the prime factors of 20885?
5, 4177
List the prime factors of 6167.
7, 881
List the prime factors of 1328.
2, 83
What are the prime factors of 2005?
5, 401
List the prime factors of 6303.
3, 11, 191
List the prime factors of 836.
2, 11, 19
List the prime factors of 136902.
2, 3, 22817
What are the prime factors of 5372?
2, 17, 79
What are the prime factors of 34154?
2, 17077
What are the prime factors of 814?
2, 11, 37
What are the prime factors of 3157?
7, 11, 41
What are the prime factors of 1244?
2, 311
List the prime factors of 15697.
11, 1427
What are the prime factors of 15915?
3, 5, 1061
What are the prime factors of 4293?
3, 53
What are the prime factors of 4101?
3, 1367
What are the prime factors of 13183?
13183
List the prime factors of 13.
13
What are the prime factors of 3028?
2, 757
List the prime factors of 69500.
2, 5, 139
List the prime factors of 624.
2, 3, 13
What are the prime factors of 57?
3, 19
What are the prime factors of 1202?
2, 601
What are the prime factors of 77771?
83, 937
List the prime factors of 3441.
3, 31, 37
What are the prime factors of 4480?
2, 5, 7
List the prime factors of 18063.
3, 223
What are the prime factors of 7923?
3, 19, 139
List the prime factors of 646.
2, 17, 19
What are the prime factors of 19539?
3, 13, 167
What are the prime factors of 74?
2, 37
What are the prime factors of 21387?
3, 7129
What are the prime factors of 1344?
2, 3, 7
List the prime factors of 1561.
7, 223
List the prime factors of 2808.
2, 3, 13
List the prime factors of 22949.
53, 433
List the prime factors of 47083.
197, 239
List the prime factors of 14904.
2, 3, 23
What are the prime factors of 1145?
5, 229
What are the prime factors of 1354?
2, 677
What are the prime factors of 5206?
2, 19, 137
What are the prime factors of 267?
3, 89
What are the prime factors of 13484?
2, 3371
List the prime factors of 46385.
5, 9277
What are the prime factors of 75036?
2, 3, 13, 37
What are the prime factors of 9120?
2, 3, 5, 19
List the prime factors of 1071.
3, 7, 17
What are the prime factors of 19926?
2, 3, 41
What are the prime factors of 83?
83
List the prime factors of 3926.
2, 13, 151
What are the prime factors of 1521?
3, 13
List the prime factors of 3128.
2, 17, 23
What are the prime factors of 19906?
2, 37, 269
List the prime factors of 54963.
3, 31, 197
What are the prime factors of 7899?
3, 2633
List the prime factors of 34474.
2, 11, 1567
List the prime factors of 10485.
3, 5, 233
List the prime factors of 15916.
2, 23, 173
List the prime factors of 69219.
3, 7691
List the prime factors of 1042.
2, 521
What are the prime factors of 978?
2, 3, 163
What are the prime factors of 2830?
2, 5, 283
List the prime factors of 17189.
17189
List the prime factors of 4332.
2, 3, 19
List the prime factors of 2595.
3, 5, 173
List the prime factors of 1474.
2, 11, 67
List the prime factors of 2767.
2767
List the prime factors of 136617.
3, 13, 31, 113
What are the prime factors of 3195?
3, 5, 71
List the prime factors of 190.
2, 5, 19
What are the prime factors of 716?
2, 179
List the prime factors of 21366.
2, 3, 1187
List the prime factors of 18725.
5, 7, 107
List the prime factors of 40283.
40283
List the prime factors of 1992.
2, 3, 83
What are the prime factors of 699?
3, 233
List the prime factors of 31353.
3, 7, 1493
What are the prime factors of 9459?
3, 1051
What are the prime factors of 6897?
3, 11, 19
List the prime factors of 1391.
13, 107
What are the prime factors of 519?
3, 173
What are the prime factors of 712?
2, 89
What are the prime factors of 36993?
3, 11, 19, 59
List the prime factors of 4626.
2, 3, 257
What are the prime factors of 1069?
1069
What are the prime factors of 164167?
181, 907
What are the prime factors of 330?
2, 3, 5, 11
List the prime factors of 1482.
2, 3, 13, 19
What are the prime factors of 54426?
2, 3, 47, 193
List the prime factors of 94574.
2, 47287
What are the prime factors of 19704?
2, 3, 821
What are the prime factors of 2983?
19, 157
List the prime factors of 50745.
3, 5, 17, 199
What are the prime factors of 145644?
2, 3, 53, 229
List the prime factors of 22705.
5, 19, 239
List the prime factors of 1450.
2, 5, 29
What are the prime factors of 93759?
3, 31253
List the prime factors of 760.
2, 5, 19
What are the prime factors of 335?
5, 67
List the prime factors of 7827.
3, 2609
What are the prime factors of 9547?
9547
List the prime factors of 14308.
2, 7, 73
What are the prime factors of 4744?
2, 593
List the prime factors of 1209.
3, 13, 31
List the prime factors of 6457.
11, 587
What are the prime factors of 26774?
2, 11, 1217
List the prime factors of 5677.
7, 811
What are the prime factors of 2446?
2, 1223
What are the prime factors